{"id":65,"date":"2015-03-06T15:36:27","date_gmt":"2015-03-06T15:36:27","guid":{"rendered":"http:\/\/localhost\/wp\/?page_id=65"},"modified":"2026-01-28T20:41:09","modified_gmt":"2026-01-28T19:41:09","slug":"souhrn","status":"publish","type":"page","link":"https:\/\/www.lstmanetin.cz\/?page_id=65","title":{"rendered":"Rychl\u00fd p\u0159ehled pro rok 2026"},"content":{"rendered":"<table style=\"margin: 0 auto; text-align: center;\">\n<tbody>\n<tr>\n<td style=\"text-align: right;\">Term\u00edn kon\u00e1n\u00ed :<\/td>\n<td style=\"text-align: left;\">1. 8. 2026 &#8211; 14. 8. 2026<\/td>\n<\/tr>\n<tr>\n<td style=\"text-align: right;\">M\u00edsto kon\u00e1n\u00ed :<\/td>\n<td style=\"text-align: left;\">Klenoty u Man\u011bt\u00edna<\/td>\n<\/tr>\n<tr>\n<td style=\"text-align: right;\">Typ t\u00e1bora :<\/td>\n<td style=\"text-align: left;\">stany s podsadou<\/td>\n<\/tr>\n<tr>\n<td style=\"text-align: right;\">V\u011bk d\u011bt\u00ed :<\/td>\n<td style=\"text-align: left;\">do 14-ti let<\/td>\n<\/tr>\n<tr>\n<td style=\"text-align: right;\">Po\u010det d\u011bt\u00ed :<\/td>\n<td style=\"text-align: left;\">60<\/td>\n<\/tr>\n<tr>\n<td style=\"text-align: right;\">T\u00e1borov\u00fd poplatek :<\/td>\n<td style=\"text-align: left;\">7.000,- K\u010d<\/td>\n<\/tr>\n<tr>\n<td style=\"text-align: right;\">N\u00e1m\u011bt t\u00e1bora :<\/td>\n<td style=\"text-align: left;\">se uvid\u00ed&#8230;<\/td>\n<\/tr>\n<tr>\n<td style=\"text-align: right;\">Hlavn\u00ed vedouc\u00ed :<\/td>\n<td style=\"text-align: left;\">Luk\u00e1\u0161 SCHNEIDER<\/td>\n<\/tr>\n<\/tbody>\n<\/table>\n","protected":false},"excerpt":{"rendered":"<p>Term\u00edn kon\u00e1n\u00ed : 1. 8. 2026 &#8211; 14. 8. 2026 M\u00edsto kon\u00e1n\u00ed : Klenoty u Man\u011bt\u00edna Typ t\u00e1bora : stany s podsadou V\u011bk d\u011bt\u00ed : do 14-ti let Po\u010det d\u011bt\u00ed : 60 T\u00e1borov\u00fd poplatek : 7.000,- K\u010d N\u00e1m\u011bt t\u00e1bora : se uvid\u00ed&#8230; Hlavn\u00ed vedouc\u00ed : Luk\u00e1\u0161 SCHNEIDER<\/p>\n","protected":false},"author":1,"featured_media":0,"parent":5,"menu_order":0,"comment_status":"closed","ping_status":"closed","template":"","meta":{"footnotes":""},"class_list":["post-65","page","type-page","status-publish","hentry"],"_links":{"self":[{"href":"https:\/\/www.lstmanetin.cz\/index.php?rest_route=\/wp\/v2\/pages\/65","targetHints":{"allow":["GET"]}}],"collection":[{"href":"https:\/\/www.lstmanetin.cz\/index.php?rest_route=\/wp\/v2\/pages"}],"about":[{"href":"https:\/\/www.lstmanetin.cz\/index.php?rest_route=\/wp\/v2\/types\/page"}],"author":[{"embeddable":true,"href":"https:\/\/www.lstmanetin.cz\/index.php?rest_route=\/wp\/v2\/users\/1"}],"replies":[{"embeddable":true,"href":"https:\/\/www.lstmanetin.cz\/index.php?rest_route=%2Fwp%2Fv2%2Fcomments&post=65"}],"version-history":[{"count":24,"href":"https:\/\/www.lstmanetin.cz\/index.php?rest_route=\/wp\/v2\/pages\/65\/revisions"}],"predecessor-version":[{"id":1477,"href":"https:\/\/www.lstmanetin.cz\/index.php?rest_route=\/wp\/v2\/pages\/65\/revisions\/1477"}],"up":[{"embeddable":true,"href":"https:\/\/www.lstmanetin.cz\/index.php?rest_route=\/wp\/v2\/pages\/5"}],"wp:attachment":[{"href":"https:\/\/www.lstmanetin.cz\/index.php?rest_route=%2Fwp%2Fv2%2Fmedia&parent=65"}],"curies":[{"name":"wp","href":"https:\/\/api.w.org\/{rel}","templated":true}]}}