{"id":5,"date":"2015-02-26T20:44:50","date_gmt":"2015-02-26T19:44:50","guid":{"rendered":"http:\/\/localhost\/wp\/?page_id=2"},"modified":"2026-01-29T23:07:03","modified_gmt":"2026-01-29T22:07:03","slug":"uvod","status":"publish","type":"page","link":"https:\/\/www.lstmanetin.cz\/","title":{"rendered":"\u00davod"},"content":{"rendered":"<p>V\u00edtejte na str\u00e1nk\u00e1ch na\u0161eho letn\u00edho stanov\u00e9ho t\u00e1bora. Pokud \u010dtete tento text, ud\u011blali jste prvn\u00ed krok t\u00edm spr\u00e1vn\u00fdm sm\u011brem pro dobrodru\u017en\u00e9 pro\u017eit\u00ed \u010d\u00e1sti pr\u00e1zdnin.<\/p>\n<p>Obdobn\u011b jako v p\u0159edchoz\u00edch letech jsme ve spolupr\u00e1ci s SDH Man\u011bt\u00edn pro V\u00e1s p\u0159ipravili letn\u00ed stanov\u00fd t\u00e1bor. T\u00e1bor prob\u011bhne v tem\u00ednu 1. 8. &#8211; 14. 8. 2026 v kr\u00e1sn\u00e9m prost\u0159ed\u00ed man\u011bt\u00ednsk\u00fdch les\u016f.<\/p>\n<p>T\u00e1bor je ur\u010den pro opravdov\u00e9 kluky a holky do \u010dtrn\u00e1cti let, nebo\u0165 Ti, kte\u0159\u00ed zde ji\u017e byli, v\u011bd\u00ed, \u017ee zde nem\u00e1me ani televizi, ani po\u010d\u00edta\u010de, ani elektriku, a ani dal\u0161\u00ed modern\u00ed vymo\u017eenosti (nap\u0159. splachovac\u00ed z\u00e1chody). Zato je zde m\u00edrn\u011b rezav\u00fd rybn\u00edk, kter\u00fd rovn\u011b\u017e nab\u00edz\u00ed spoustu mo\u017enost\u00ed jak se vydov\u00e1d\u011bt.<\/p>\n<p>Cena t\u00e1bora je 7.000,- K\u010d.<\/p>\n<p>Bli\u017e\u0161\u00ed informace o n\u00e1stupu, odjezdu, v\u00fdstroji a v\u00fdzbroji a dal\u0161\u00ed, z\u00edsk\u00e1te v jednotliv\u00fdch sekc\u00edch tohoto webu.<\/p>\n<p align=\"right\">T\u011b\u0161\u00ed se na v\u00e1s kolektiv \u010dinovn\u00edk\u016f t\u00e1bora.<\/p>\n<p align=\"center\"> <a href=\"https:\/\/www.lstmanetin.cz\/wp-content\/uploads\/tabor_plakat_2026_maly.jpg\" target=\"_blank\" style=\"display: inline-block;\"> <img decoding=\"async\" class=\"alignnone\" src=\"https:\/\/www.lstmanetin.cz\/wp-content\/uploads\/tabor_plakat_2026_maly.jpg\" alt=\"tabor_plakat_2026_maly\" style=\"max-width: 223px; height: auto; cursor: pointer;\" \/> <\/a> <\/p>\n","protected":false},"excerpt":{"rendered":"<p>V\u00edtejte na str\u00e1nk\u00e1ch na\u0161eho letn\u00edho stanov\u00e9ho t\u00e1bora. Pokud \u010dtete tento text, ud\u011blali jste prvn\u00ed krok t\u00edm spr\u00e1vn\u00fdm sm\u011brem pro dobrodru\u017en\u00e9 pro\u017eit\u00ed \u010d\u00e1sti pr\u00e1zdnin. Obdobn\u011b jako v p\u0159edchoz\u00edch letech jsme ve spolupr\u00e1ci s SDH Man\u011bt\u00edn pro V\u00e1s p\u0159ipravili letn\u00ed stanov\u00fd t\u00e1bor. T\u00e1bor prob\u011bhne v tem\u00ednu 1. 8. &#8211; 14. 8. 2026 v kr\u00e1sn\u00e9m prost\u0159ed\u00ed man\u011bt\u00ednsk\u00fdch les\u016f. [&hellip;]<\/p>\n","protected":false},"author":1,"featured_media":0,"parent":0,"menu_order":0,"comment_status":"closed","ping_status":"closed","template":"page-cs.php","meta":{"footnotes":""},"class_list":["post-5","page","type-page","status-publish","hentry"],"_links":{"self":[{"href":"https:\/\/www.lstmanetin.cz\/index.php?rest_route=\/wp\/v2\/pages\/5","targetHints":{"allow":["GET"]}}],"collection":[{"href":"https:\/\/www.lstmanetin.cz\/index.php?rest_route=\/wp\/v2\/pages"}],"about":[{"href":"https:\/\/www.lstmanetin.cz\/index.php?rest_route=\/wp\/v2\/types\/page"}],"author":[{"embeddable":true,"href":"https:\/\/www.lstmanetin.cz\/index.php?rest_route=\/wp\/v2\/users\/1"}],"replies":[{"embeddable":true,"href":"https:\/\/www.lstmanetin.cz\/index.php?rest_route=%2Fwp%2Fv2%2Fcomments&post=5"}],"version-history":[{"count":23,"href":"https:\/\/www.lstmanetin.cz\/index.php?rest_route=\/wp\/v2\/pages\/5\/revisions"}],"predecessor-version":[{"id":1488,"href":"https:\/\/www.lstmanetin.cz\/index.php?rest_route=\/wp\/v2\/pages\/5\/revisions\/1488"}],"wp:attachment":[{"href":"https:\/\/www.lstmanetin.cz\/index.php?rest_route=%2Fwp%2Fv2%2Fmedia&parent=5"}],"curies":[{"name":"wp","href":"https:\/\/api.w.org\/{rel}","templated":true}]}}