{"id":131,"date":"2015-03-07T11:16:04","date_gmt":"2015-03-07T11:16:04","guid":{"rendered":"http:\/\/localhost\/wp\/?page_id=131"},"modified":"2017-07-11T11:00:15","modified_gmt":"2017-07-11T09:00:15","slug":"tabor-2013","status":"publish","type":"page","link":"https:\/\/www.lstmanetin.cz\/?page_id=131","title":{"rendered":"T\u00e1bor 2013"},"content":{"rendered":"<p>Rok 2013 n\u00e1s zm\u011bnil v indi\u00e1nsk\u00e9 kmeny, kdy jsme skloubili fikci kn\u00ed\u017eek Karla Maye o indi\u00e1nech a b\u011blo\u0161sk\u00fdch padou\u0161\u00edch se skute\u010dn\u00fdm ka\u017edodenn\u00edm \u017eivotem severoamerick\u00fdch indi\u00e1nsk\u00fdch kmen\u016f.<br \/>\n<br \/>\nHned prvn\u00ed ve\u010der na\u0161eho pobytu jsme se ka\u017ed\u00fd s\u00e1m vydali do ve\u010dern\u00edho lesa, kde jsme se setkali s indi\u00e1nem Napim z rady star\u0161\u00edch, jeho dcerou a pomocn\u00edkem a pod jeho dohledem slo\u017eili indi\u00e1nskou p\u0159\u00edsahu Wakan Tankovi (v jazyce siux\u016f jm\u00e9no nejvy\u0161\u0161\u00edho boha indi\u00e1n\u016f). N\u00e1sledovalo obdob\u00ed dobrodru\u017en\u00fdch her a z\u00edsk\u00e1v\u00e1n\u00ed praktick\u00fdch dovednost\u00ed po vzoru severoamerick\u00fdch indi\u00e1n\u016f. Br\u00e1nili jsme vesnice p\u0159ed b\u011blo\u0161sk\u00fdmi desper\u00e1ty, ale taky po\u0159\u00e1dali n\u00e1jezdy na b\u011blo\u0161sk\u00e9 z\u00e1sob\u00e1rny. Nau\u010dili jsme se, \u017ee kmen nen\u00ed jen ozna\u010den\u00ed pro skupinu lid\u00ed, ale znamen\u00e1 to b\u00fdt jedno t\u011blo a jedna du\u0161e &#8211; to znamen\u00e1 pom\u00e1hat si navz\u00e1jem. A p\u0159esto\u017ee je ka\u017edodenn\u00ed \u017eivot indi\u00e1n\u016f tvrd\u00e1 d\u0159ina, u\u017eili jsme si spoustu legrace a z\u00e1bavy.<br \/>\n<br \/>\nTaky n\u00e1s nav\u0161t\u00edvil opravdov\u00fd trapper a jeho \u017eena z doby rozkv\u011btu divok\u00e9ho z\u00e1padu v Severn\u00ed Americe, kte\u0159\u00ed n\u00e1m p\u0159i\u0161li uk\u00e1zat n\u00e1stroje, trofeje, v\u00fdzbroj a v\u00fdstroj z tohoto obdob\u00ed. <\/p>\n","protected":false},"excerpt":{"rendered":"<p>Rok 2013 n\u00e1s zm\u011bnil v indi\u00e1nsk\u00e9 kmeny, kdy jsme skloubili fikci kn\u00ed\u017eek Karla Maye o indi\u00e1nech a b\u011blo\u0161sk\u00fdch padou\u0161\u00edch se skute\u010dn\u00fdm ka\u017edodenn\u00edm \u017eivotem severoamerick\u00fdch indi\u00e1nsk\u00fdch kmen\u016f. Hned prvn\u00ed ve\u010der na\u0161eho pobytu jsme se ka\u017ed\u00fd s\u00e1m vydali do ve\u010dern\u00edho lesa, kde jsme se setkali s indi\u00e1nem Napim z rady star\u0161\u00edch, jeho dcerou a pomocn\u00edkem a pod [&hellip;]<\/p>\n","protected":false},"author":1,"featured_media":0,"parent":36,"menu_order":0,"comment_status":"closed","ping_status":"closed","template":"","meta":{"footnotes":""},"class_list":["post-131","page","type-page","status-publish","hentry"],"_links":{"self":[{"href":"https:\/\/www.lstmanetin.cz\/index.php?rest_route=\/wp\/v2\/pages\/131","targetHints":{"allow":["GET"]}}],"collection":[{"href":"https:\/\/www.lstmanetin.cz\/index.php?rest_route=\/wp\/v2\/pages"}],"about":[{"href":"https:\/\/www.lstmanetin.cz\/index.php?rest_route=\/wp\/v2\/types\/page"}],"author":[{"embeddable":true,"href":"https:\/\/www.lstmanetin.cz\/index.php?rest_route=\/wp\/v2\/users\/1"}],"replies":[{"embeddable":true,"href":"https:\/\/www.lstmanetin.cz\/index.php?rest_route=%2Fwp%2Fv2%2Fcomments&post=131"}],"version-history":[{"count":3,"href":"https:\/\/www.lstmanetin.cz\/index.php?rest_route=\/wp\/v2\/pages\/131\/revisions"}],"predecessor-version":[{"id":332,"href":"https:\/\/www.lstmanetin.cz\/index.php?rest_route=\/wp\/v2\/pages\/131\/revisions\/332"}],"up":[{"embeddable":true,"href":"https:\/\/www.lstmanetin.cz\/index.php?rest_route=\/wp\/v2\/pages\/36"}],"wp:attachment":[{"href":"https:\/\/www.lstmanetin.cz\/index.php?rest_route=%2Fwp%2Fv2%2Fmedia&parent=131"}],"curies":[{"name":"wp","href":"https:\/\/api.w.org\/{rel}","templated":true}]}}